9*i**2 + i - 1. Determine j(1).
49
Let q(o) = -o**3 + 3*o**2 + 21*o + 4. Give q(6).
22
Let i(x) = -x**2 - 5. Give i(2).
-9
Let b(k) = -k + 15. What is b(8)?
7
Let m(x) = -2*x**2 + 4*x + 4. What is m(-3)?
-26
Let c(x) = 16*x + 13. What is c(5)?
93
Let b(k) = k**3 + 13*k**2 - 17*k - 30. Give b(-14).
12
Let c(s) = -s**3 + 13*s**2 - 14*s + 20. Give c(12).
-4
Let x(a) = a**2 + 7*a - 15. Determine x(7).
83
Let k(h) = -h**3 + 25*h**2 - 25*h + 20. What is k(24)?
-4
Let y(h) = -4*h**2 - 51*h + 18. Determine y(-13).
5
Let z(n) = -n**3 - 3*n**2 - 4*n - 7. Calculate z(-2).
-3
Let f(h) = -21*h + 22. Calculate f(1).
1
Let s(r) = -2*r**3 + 11*r**2 - 10*r - 4. Give s(4).
4
Let u(r) = -3*r**2 + 7*r + 9. What is u(5)?
-31
Let x(v) = -7*v - 1. Determine x(-3).
20
Let h(m) = -m**2 + 31*m + 28. Determine h(32).
-4
Let m(n) = -n**2 + 13*n + 13. What is m(10)?
43
Let h(o) = o**3 + 11*o**2 - 10*o + 29. Calculate h(-12).
5
Let z(p) = -8*p**3 - p**2 - 2*p + 1. Calculate z(-2).
65
Let m(z) = -z**3 + z**2 - 2*z - 5. Calculate m(-2).
11
Let s(m) = m**2 - 15*m + 59. What is s(8)?
3
Let g(t) = -8*t**2 - 2*t. Determine g(-2).
-28
Let b(f) = 9*f + 8. Give b(-1).
-1
Let r(i) = -i**2 + 3. Give r(4).
-13
Let n(l) = 3*l**2 + 5*l + 4. Calculate n(-2).
6
Let h(o) = 6*o**2 + 2*o - 9. Calculate h(-2).
11
Let a(x) = 4*x**2 + 12*x - 12. What is a(1)?
4
Let t(v) = -v - 1. Give t(-10).
9
Let d(n) = 184*n + 1288. Calculate d(-7).
0
Let f(q) = -2*q**3 + 14*q**2 - 19*q + 36. Determine f(6).
-6
Let i(n) = n**3 + 14*n**2 - 10*n + 60. Determine i(-15).
-15
Let s(n) = n**2 - 7*n + 10. What is s(6)?
4
Let a(b) = 11*b**2 - 7*b + 8. Give a(1).
12
Let k(j) = -3*j + 7. Determine k(9).
-20
Let q(s) = s**3 + 6*s**2 + 10*s + 6. Determine q(-2).
2
Let y(q) = -q + 6. Calculate y(0).
6
Let o(c) = -2*c**2 - 6*c + 1. Give o(-3).
1
Let o(h) = -h**2 + 13*h - 23. Determine o(11).
-1
Let h(b) = b - 29. What is h(12)?
-17
Let z(g) = 2*g**3 - 4*g**2 - 10*g - 4. What is z(5)?
96
Let u(d) = 2*d**2 - 5. What is u(-4)?
27
Let s(f) = -f**3 + 10*f**2 - 10*f - 42. What is s(8)?
6
Let b(y) = -y**3 + 21*y**2 - 41*y + 65. What is b(19)?
8
Let y(o) = o**3 + o**2 + o + 8. Calculate y(0).
8
Let t(g) = g**3 + 6*g**2 + 8*g - 5. What is t(-3)?
-2
Let i(j) = 4*j**3 + 2*j + 1. Give i(-1).
-5
Let z(u) = -3*u**2 - 31*u - 14. What is z(-10)?
-4
Let x(n) = 4*n + 8. What is x(-8)?
-24
Let s(m) = 2*m**3 + 13*m**2 + 16*m + 51. Calculate s(-6).
-9
Let r(x) = x**2 - 18*x + 56. Calculate r(10).
-24
Let b(w) = 44*w - 343. Determine b(8).
9
Let q(w) = -2*w**3 + 12*w**2 + 15*w - 9. Calculate q(7).
-2
Let z(h) = 3*h**2 + 30*h + 22. What is z(-9)?
-5
Let s(u) = 8*u**2 + 87*u - 21. Determine s(-11).
-10
Let q(a) = -8*a + 5. Determine q(-3).
29
Let p(w) = 13*w**2 - 160*w + 40. What is p(12)?
-8
Let b(d) = 18*d + 91. What is b(-5)?
1
Let f(l) = l**2 - 14*l - 18. Give f(11).
-51
Let t(f) = f**2 + 52*f + 2. Determine t(0).
2
Let x(c) = c**2 + 8*c - 2. What is x(-6)?
-14
Let w(q) = -4*q + 90. Calculate w(21).
6
Let r(z) = z - 17. Calculate r(17).
0
Let s(p) = -p**3 + 9*p**2 - 12*p - 13. What is s(7)?
1
Let g(s) = -15*s + 13. Determine g(1).
-2
Let h(o) = 28*o + 21. Determine h(-1).
-7
Let y(z) = z**2 - 10*z + 5. Determine y(14).
61
Let t(l) = 2*l**2 - 4*l + 2. Determine t(2).
2
Let f(a) = 39*a - 160. What is f(4)?
-4
Let l(h) = -10*h**2 - 40*h - 6. Determine l(-4).
-6
Let n(t) = -t**3 + 12*t**2 - 5*t - 41. Determine n(11).
25
Let f(n) = -25*n + 56. Determine f(5).
-69
Let p(o) = -o**3 + 27*o**2 - 26*o + 4. Calculate p(26).
4
Let x(h) = -h - 23. Give x(-15).
-8
Let h(q) = q**2 + 21*q + 42. Calculate h(-19).
4
Let m(d) = d**2 + 3*d - 4. What is m(5)?
36
Let h(m) = -m**2 + 7*m + 21. What is h(-2)?
3
Let s(i) = -i**3 + 8*i**2 + 13*i + 1. Determine s(10).
-69
Let f(b) = -18*b**2 - 3*b - 3. Calculate f(-2).
-69
Let m(w) = -52*w + 45. Determine m(2).
-59
Let v(z) = 2*z**3 - z**2 + 5*z + 5. Give v(-2).
-25
Let n(v) = 3*v**2 - 6. Give n(2).
6
Let g(a) = -a**2 + 5*a + 11. What is g(9)?
-25
Let l(a) = a**3 - 2*a**2 + 7*a + 1. Calculate l(5).
111
Let i(g) = 9*g**2 + 3*g + 1. Give i(-1).
7
Let y(p) = -p**2 - 39*p - 198. Give y(-6).
0
Let q(a) = 3*a**2 - 2*a - 66. Calculate q(0).
-66
Let z(c) = 6*c**2 + 7*c + 1. What is z(-1)?
0
Let g(b) = -b**3 + 10*b**2 + 3*b - 14. Determine g(10).
16
Let u(d) = -6*d - 105. Determine u(-20).
15
Let f(k) = 4*k + 6. Determine f(10).
46
Let f(m) = m**3 + 6*m**2 - 4*m - 9. Calculate f(-7).
-30
Let z(j) = -2*j**2 + 40*j - 149. Determine z(5).
1
Let z(a) = -a**3 + 6*a**2 + 2*a - 2. Determine z(7).
-37
Let b(o) = -21*o - 1. What is b(-1)?
20
Let f(c) = -c**3 - 4*c**2 + 18*c + 62. Determine f(-5).
-3
Let h(z) = z**2 - z + 5. Give h(-3).
17
Let x(p) = 19*p + 3. Give x(-2).
-35
Let d(b) = 18*b. Calculate d(2).
36
Let g(j) = 14*j - 3. Give g(-1).
-17
Let z(i) = -i**3 + 8*i**2 - 2*i - 3. What is z(4)?
53
Let p(h) = h**3 + 12*h**2 + 8*h - 21. Give p(-12).
-117
Let t(n) = n**2 - 5. Determine t(-6).
31
Let r(o) = -o**3 + 26*o**2 + 24*o + 74. Determine r(27).
-7
Let p(b) = 10*b**3 - 35*b**2 + 12*b + 2. Calculate p(3).
-7
Let w(k) = -29*k - 278. Determine w(-10).
12
Let r(o) = -2*o**3 - o + 3. What is r(-2)?
21
Let o(p) = 8*p - 156. Calculate o(19).
-4
Let j(l) = -l + 1. What is j(5)?
-4
Let c(r) = r**2 + 17*r + 32. Calculate c(-11).
-34
Let c(t) = 2*t**3 + 5*t**2 + t - 2. Determine c(-3).
-14
Let f(g) = 28*g - 2. Give f(1).
26
Let o(q) = -8*q**3 + 4*q**2 - 3*q - 3. Determine o(3).
-192
Let j(c) = 27*c. What is j(-1)?
-27
Let l(t) = -t**3 + 34*t**2 + 35*t - 11. What is l(35)?
-11
Let m(v) = -v**2 + 3*v + 4. Give m(-5).
-36
Let m(l) = 2*l**3 - l**2. Calculate m(1).
1
Let y(t) = t**3 - 40*t**2 - t + 19. Give y(40).
-21
Let s(k) = 3*k - 15. What is s(9)?
12
Let u(v) = v**3 - 27*v**2 + 52*v - 27. Determine u(25).
23
Let k(w) = w**3 - 5*w**2 - 14*w + 1. Calculate k(7).
1
Let p(f) = 4*f - 4. Calculate p(3).
8
Let r(i) = i + 3. What is r(-12)?
-9
Let a(r) = -8*r - 201. What is a(-27)?
15
Let h(v) = -v**3 - 4*v**2 - 6*v - 2. What is h(-4)?
22
Let g(h) = h**3 - 24*h**2 + 2*h + 12. Calculate g(24).
60
Let i(h) = 6*h**3 - 2*h**2 - h + 2. What is i(1)?
5
Let o(l) = l**3 + 5*l**2 - 5*l + 1. What is o(-6)?
-5
Let b(s) = s**3 - 13*s**2 + 3*s - 32. Determine b(13).
7
Let g(d) = 15*d - 1. Determine g(2).
29
Let a(l) = -13*l - 190. What is a(-14)?
-8
Let s(y) = -2*y**3 + 4*y**2 + 4*y - 5. Calculate s(4).
-53
Let a(i) = -i**2 + 6*i - 8. Determine a(3).
1
Let w(h) = h**3 + 9*h**2 + 10*h + 24. Give w(-8).
8
Let s(y) = -9*y - 16. What is s(-9)?
65
Let z(b) = -b**3 - 10*b**2 + 2*b + 3. Give z(-10).
-17
Let g(b) = 13*b - 17. Calculate g(3).
22
Let o(j) = j - 13. Calculate o(0).
-13
Let w(b) = -5*b**2 + 43*b - 32. Determine w(8).
-8
Let b(i) = i - 56. Determine b(56).
0
Let i(m) = -13*m + 10. Give i(5).
-55
Let y(h) = -h**2 + h + 4. Calculate y(6).
-26
Let p(x) = 4*x + 3. What is p(-7)?
-25
Let c(t) = t**2 - t. What is c(-1)?
2
Let q(s) = 8*s - 52. Determine q(14).
60
Let d(s) = s**3 - 17*s**2 - 44*s + 1. Give d(-3).
-47
Let k(n) = n**3 + 5*n**2 - 2*n + 6. Give k(-6).
-18
Let b(f) = f**3 - 9*f + 4. What is b(-3)?
4
Let b(q) = q**3 - 15*q**2 + 21*q + 66. What is b(13)?
1
Let d(x) = 2*x**3 - 8*x**2 - 10*x - 1. Give d(5).
-1
Let y(h) = h**3 + 26*h**2 + 21*h - 96. Give y(-25).
4
Let s(j) = -j**2 + 12*j - 1. Give s(12).
-1
Let r(z) = 2*z**2 - 36*z + 41. What is r(16)?
-23
Let r(q) = 7*q + 51. Calculate r(-6).
9
Let p(s) = s**2 + 20*s - 8. Determine p(-21).
13
Let w(d) = -d**2 + 6*d + 9. Determine w(8).
-7
Let w(s) = s**3 - s**2 - 21*s + 37. Calculate w(2).
-1
Let v(p) = -p**3 - 10*p**2 - 7*p + 4. Give v(-9).
-14
Let v(x) = x**3 + 5*x**2 + 4*x + 7. What is v(-5)?
-13
Let x(m) = -m**2 - 11*m - 39. Give x(-6).
-9
Let r(w) = 2*w + 3. Give r(-3).
-3
Let j(g) = 17*g + 278. Determine j(-16).
6
Let y(v) = v**2 + 67*v - 213. Calculate y(3).
-3
Let h(t) = 17*t - 58. Determine h(4).
10
Let r(b) = 16*b**3 + b**2 + 2*b + 1. Calculate r(-1).
-16
Let d(m) = -12*m + 128. What is d(9)?
20
Let s(p) = 9*p + 19. What is s(-4)?
-17
Let c(k) = -33*k - 9. What is c(4)?
-141
Let f(p) = p**3 + 16*p**2 - 16*p + 13. Determine f(-17).
-4
Let m(d) = d - 71. What is m(0)?
-71
Let c(m) = -3*m - 9. Give c(8).
-33
Let s(f) = 5*f**3 - f**2 - f. Calculate s(-1).
-5
Let v(j) = -10*j - 162. What is v(-16)?
